{"id":1375,"date":"2022-04-03T14:04:22","date_gmt":"2022-04-03T14:04:22","guid":{"rendered":"https:\/\/wakacyjnyrewal.pl\/reservationer\/"},"modified":"2025-10-14T20:29:37","modified_gmt":"2025-10-14T20:29:37","slug":"reservationer","status":"publish","type":"page","link":"https:\/\/wakacyjnyrewal.pl\/da\/reservationer\/","title":{"rendered":"Reservationer"},"content":{"rendered":"\n<h1 class=\"wp-block-heading\">Reservationer<\/h1>\n\n<div style=\"height:50px\" aria-hidden=\"true\" class=\"wp-block-spacer\"><\/div>\n\n<p>For at f\u00e5 oplysninger om lejlighedens tilg\u00e6ngelighed i den periode, du har valgt, opfordrer vi dig til at bruge nedenst\u00e5ende formular. <\/p>\n\n<div class=\"wp-block-contact-form-7-contact-form-selector\">\n<div class=\"wpcf7 no-js\" id=\"wpcf7-f1712-o1\" lang=\"da-DK\" dir=\"ltr\">\n<div class=\"screen-reader-response\"><p role=\"status\" aria-live=\"polite\" aria-atomic=\"true\"><\/p> <ul><\/ul><\/div>\n<form action=\"\/da\/wp-json\/wp\/v2\/pages\/1375#wpcf7-f1712-o1\" method=\"post\" class=\"wpcf7-form init\" aria-label=\"Kontaktformular\" novalidate=\"novalidate\" data-status=\"init\">\n<div style=\"display: none;\">\n<input type=\"hidden\" name=\"_wpcf7\" value=\"1712\" \/>\n<input type=\"hidden\" name=\"_wpcf7_version\" value=\"5.7.7\" \/>\n<input type=\"hidden\" name=\"_wpcf7_locale\" value=\"da_DK\" \/>\n<input type=\"hidden\" name=\"_wpcf7_unit_tag\" value=\"wpcf7-f1712-o1\" \/>\n<input type=\"hidden\" name=\"_wpcf7_container_post\" value=\"0\" \/>\n<input type=\"hidden\" name=\"_wpcf7_posted_data_hash\" value=\"\" \/>\n<\/div>\n<p><b>Valg af lejlighed:<\/b><span class=\"wpcf7-form-control-wrap\" data-name=\"Apts\"><select class=\"wpcf7-form-control wpcf7-select wpcf7-validates-as-required\" aria-required=\"true\" aria-invalid=\"false\" name=\"Apts\"><option value=\"Toskansk\">Toskansk<\/option><option value=\"Ferie\">Ferie<\/option><option value=\"Provencalsk\">Provencalsk<\/option><option value=\"Rewal\">Rewal<\/option><option value=\"Marokkansk\">Marokkansk<\/option><option value=\"Indisk\">Indisk<\/option><option value=\"Mexicansk\">Mexicansk<\/option><\/select><\/span><br \/>\n<b>Ankomstdato:<\/b><span class=\"wpcf7-form-control-wrap\" data-name=\"przyj\"><input class=\"wpcf7-form-control wpcf7-date wpcf7-validates-as-date\" aria-invalid=\"false\" placeholder=\"Ankomstdato\" value=\"\" type=\"date\" name=\"przyj\" \/><\/span><br \/>\n<b>Afrejsedato:<\/b><span class=\"wpcf7-form-control-wrap\" data-name=\"wyj\"><input class=\"wpcf7-form-control wpcf7-date wpcf7-validates-as-date\" aria-invalid=\"false\" placeholder=\"Afrejsedato\" value=\"\" type=\"date\" name=\"wyj\" \/><\/span><br \/>\n<b>Navn:<\/b><span class=\"wpcf7-form-control-wrap\" data-name=\"nazwisko\"><input size=\"40\" class=\"wpcf7-form-control wpcf7-text wpcf7-validates-as-required\" aria-required=\"true\" aria-invalid=\"false\" value=\"\" type=\"text\" name=\"nazwisko\" \/><\/span><br \/>\n<b>Email:<\/b><span class=\"wpcf7-form-control-wrap\" data-name=\"your-email\"><input size=\"40\" class=\"wpcf7-form-control wpcf7-text wpcf7-email wpcf7-validates-as-email\" aria-invalid=\"false\" value=\"\" type=\"email\" name=\"your-email\" \/><\/span><br \/>\n<b>Telefon:<\/b><span class=\"wpcf7-form-control-wrap\" data-name=\"telefon\"><input size=\"40\" class=\"wpcf7-form-control wpcf7-text wpcf7-validates-as-required\" aria-required=\"true\" aria-invalid=\"false\" value=\"\" type=\"text\" name=\"telefon\" \/><\/span><br \/>\n<b>Yderligere bem\u00e6rkninger:<\/b><span class=\"wpcf7-form-control-wrap\" data-name=\"textarea-444\"><textarea cols=\"40\" rows=\"10\" class=\"wpcf7-form-control wpcf7-textarea\" aria-invalid=\"false\" name=\"textarea-444\"><\/textarea><\/span>\n<\/p>\n<p>Afsendelse af formularen er ensbetydende med, at bestilleren giver samtykke til brug af de angivne personoplysninger udelukkende til gennemf\u00f8relse af ovenst\u00e5ende bestilling. Jeg giver samtykke til behandling af mine personoplysninger af F.U.-H. \"Pla\u017ca\" i overensstemmelse med loven af 29.08.1997 om beskyttelse af personoplysninger (Lovtidende fra 1997 nr. 133, pos. 883 med senere \u00e6ndringer)\n<\/p>\n<p><input class=\"wpcf7-form-control has-spinner wpcf7-submit\" type=\"submit\" value=\"Send foresp\u00f8rgsel\" \/>\n<\/p><div class=\"wpcf7-response-output\" aria-hidden=\"true\"><\/div>\n<\/form>\n<\/div>\n<\/div>\n\n<div style=\"height:70px\" aria-hidden=\"true\" class=\"wp-block-spacer\"><\/div>\n\n<h4 class=\"wp-block-heading\">OPLYSNINGSPLIGT<\/h4>\n\n<p>I henhold til artikel 13 i den generelle forordning om databeskyttelse af 27. april 2016 (EU-Tidende L 119 af 04.05.2016) informerer vi om f\u00f8lgende:<br\/>1) Den dataansvarlige for dine personoplysninger er F.U.H. &#8220;Pla\u017ca&#8221;<br\/>2) Kontakt til databeskyttelsesr\u00e5dgiveren \u2013 poczta@plaza-rewal.pl<br\/>3) Dine personoplysninger vil blive behandlet med henblik p\u00e5 at levere hotelydelser \u2013 i henhold til artikel 6, stk. 1, litra b i den generelle forordning om databeskyttelse af 27. april 2016<br\/>4) Modtagerne af dine personoplysninger vil udelukkende v\u00e6re enheder, der har ret til at indhente personoplysninger i henhold til lovgivningen, samt enheder, der deltager i leveringen af tjenester<br\/>5) Dine personoplysninger vil blive opbevaret i en periode p\u00e5 10 \u00e5r<br\/>6) Du har ret til at anmode den dataansvarlige om indsigt i dine personoplysninger samt ret til berigtigelse, sletning eller begr\u00e6nsning af behandlingen og ret til dataportabilitet<br\/>7) Du har ret til at indgive en klage til tilsynsmyndigheden<br\/>8) Afgivelse af personoplysninger er frivillig, men hvis du n\u00e6gter at afgive oplysningerne, kan det resultere i afvisning af at levere tjenesten\/indg\u00e5 aftalen    <\/p>\n","protected":false},"excerpt":{"rendered":"<p>Reservationer For at f\u00e5 oplysninger om lejlighedens tilg\u00e6ngelighed i den periode, du har valgt, opfordrer vi dig til at bruge nedenst\u00e5ende formular. OPLYSNINGSPLIGT I henhold til artikel 13 i den generelle forordning om databeskyttelse af 27. april 2016 (EU-Tidende L 119 af 04.05.2016) informerer vi om f\u00f8lgende:1) Den dataansvarlige for dine personoplysninger er F.U.H. &#8220;Pla\u017ca&#8221;2)&hellip;<\/p>\n","protected":false},"author":1,"featured_media":0,"parent":0,"menu_order":0,"comment_status":"closed","ping_status":"closed","template":"","meta":[],"_links":{"self":[{"href":"https:\/\/wakacyjnyrewal.pl\/da\/wp-json\/wp\/v2\/pages\/1375"}],"collection":[{"href":"https:\/\/wakacyjnyrewal.pl\/da\/wp-json\/wp\/v2\/pages"}],"about":[{"href":"https:\/\/wakacyjnyrewal.pl\/da\/wp-json\/wp\/v2\/types\/page"}],"author":[{"embeddable":true,"href":"https:\/\/wakacyjnyrewal.pl\/da\/wp-json\/wp\/v2\/users\/1"}],"replies":[{"embeddable":true,"href":"https:\/\/wakacyjnyrewal.pl\/da\/wp-json\/wp\/v2\/comments?post=1375"}],"version-history":[{"count":1,"href":"https:\/\/wakacyjnyrewal.pl\/da\/wp-json\/wp\/v2\/pages\/1375\/revisions"}],"predecessor-version":[{"id":1376,"href":"https:\/\/wakacyjnyrewal.pl\/da\/wp-json\/wp\/v2\/pages\/1375\/revisions\/1376"}],"wp:attachment":[{"href":"https:\/\/wakacyjnyrewal.pl\/da\/wp-json\/wp\/v2\/media?parent=1375"}],"curies":[{"name":"wp","href":"https:\/\/api.w.org\/{rel}","templated":true}]}}

<h1 class="wp-block-heading">Reservationer</h1>

<div style="height:50px" aria-hidden="true" class="wp-block-spacer"></div>

<p>For at få oplysninger om lejlighedens tilgængelighed i den periode, du har valgt, opfordrer vi dig til at bruge nedenstående formular. </p>

<div class="wp-block-contact-form-7-contact-form-selector">
<div class="wpcf7 no-js" id="wpcf7-f1712-o1" lang="da-DK" dir="ltr">
<div class="screen-reader-response"><p role="status" aria-live="polite" aria-atomic="true"></p> <ul></ul></div>
<form action="/da/wp-json/wp/v2/pages/1375#wpcf7-f1712-o1" method="post" class="wpcf7-form init" aria-label="Kontaktformular" novalidate="novalidate" data-status="init">
<div style="display: none;">
<input type="hidden" name="_wpcf7" value="1712" />
<input type="hidden" name="_wpcf7_version" value="5.7.7" />
<input type="hidden" name="_wpcf7_locale" value="da_DK" />
<input type="hidden" name="_wpcf7_unit_tag" value="wpcf7-f1712-o1" />
<input type="hidden" name="_wpcf7_container_post" value="0" />
<input type="hidden" name="_wpcf7_posted_data_hash" value="" />
</div>
<p><b>Valg af lejlighed:</b><span class="wpcf7-form-control-wrap" data-name="Apts"><select class="wpcf7-form-control wpcf7-select wpcf7-validates-as-required" aria-required="true" aria-invalid="false" name="Apts"><option value="Toskansk">Toskansk</option><option value="Ferie">Ferie</option><option value="Provencalsk">Provencalsk</option><option value="Rewal">Rewal</option><option value="Marokkansk">Marokkansk</option><option value="Indisk">Indisk</option><option value="Mexicansk">Mexicansk</option></select></span><br />
<b>Ankomstdato:</b><span class="wpcf7-form-control-wrap" data-name="przyj"><input class="wpcf7-form-control wpcf7-date wpcf7-validates-as-date" aria-invalid="false" placeholder="Ankomstdato" value="" type="date" name="przyj" /></span><br />
<b>Afrejsedato:</b><span class="wpcf7-form-control-wrap" data-name="wyj"><input class="wpcf7-form-control wpcf7-date wpcf7-validates-as-date" aria-invalid="false" placeholder="Afrejsedato" value="" type="date" name="wyj" /></span><br />
<b>Navn:</b><span class="wpcf7-form-control-wrap" data-name="nazwisko"><input size="40" class="wpcf7-form-control wpcf7-text wpcf7-validates-as-required" aria-required="true" aria-invalid="false" value="" type="text" name="nazwisko" /></span><br />
<b>Email:</b><span class="wpcf7-form-control-wrap" data-name="your-email"><input size="40" class="wpcf7-form-control wpcf7-text wpcf7-email wpcf7-validates-as-email" aria-invalid="false" value="" type="email" name="your-email" /></span><br />
<b>Telefon:</b><span class="wpcf7-form-control-wrap" data-name="telefon"><input size="40" class="wpcf7-form-control wpcf7-text wpcf7-validates-as-required" aria-required="true" aria-invalid="false" value="" type="text" name="telefon" /></span><br />
<b>Yderligere bemærkninger:</b><span class="wpcf7-form-control-wrap" data-name="textarea-444"><textarea cols="40" rows="10" class="wpcf7-form-control wpcf7-textarea" aria-invalid="false" name="textarea-444"></textarea></span>
</p>
<p>Afsendelse af formularen er ensbetydende med, at bestilleren giver samtykke til brug af de angivne personoplysninger udelukkende til gennemførelse af ovenstående bestilling. Jeg giver samtykke til behandling af mine personoplysninger af F.U.-H. "Plaża" i overensstemmelse med loven af 29.08.1997 om beskyttelse af personoplysninger (Lovtidende fra 1997 nr. 133, pos. 883 med senere ændringer)
</p>
<p><input class="wpcf7-form-control has-spinner wpcf7-submit" type="submit" value="Send forespørgsel" />
</p><div class="wpcf7-response-output" aria-hidden="true"></div>
</form>
</div>
</div>

<div style="height:70px" aria-hidden="true" class="wp-block-spacer"></div>

<h4 class="wp-block-heading">OPLYSNINGSPLIGT</h4>

<p>I henhold til artikel 13 i den generelle forordning om databeskyttelse af 27. april 2016 (EU-Tidende L 119 af 04.05.2016) informerer vi om følgende:<br/>1) Den dataansvarlige for dine personoplysninger er F.U.H. &#8220;Plaża&#8221;<br/>2) Kontakt til databeskyttelsesrådgiveren – poczta@plaza-rewal.pl<br/>3) Dine personoplysninger vil blive behandlet med henblik på at levere hotelydelser – i henhold til artikel 6, stk. 1, litra b i den generelle forordning om databeskyttelse af 27. april 2016<br/>4) Modtagerne af dine personoplysninger vil udelukkende være enheder, der har ret til at indhente personoplysninger i henhold til lovgivningen, samt enheder, der deltager i leveringen af tjenester<br/>5) Dine personoplysninger vil blive opbevaret i en periode på 10 år<br/>6) Du har ret til at anmode den dataansvarlige om indsigt i dine personoplysninger samt ret til berigtigelse, sletning eller begrænsning af behandlingen og ret til dataportabilitet<br/>7) Du har ret til at indgive en klage til tilsynsmyndigheden<br/>8) Afgivelse af personoplysninger er frivillig, men hvis du nægter at afgive oplysningerne, kan det resultere i afvisning af at levere tjenesten/indgå aftalen    </p>

<p>Reservationer For at få oplysninger om lejlighedens tilgængelighed i den periode, du har valgt, opfordrer vi dig til at bruge nedenstående formular. OPLYSNINGSPLIGT I henhold til artikel 13 i den generelle forordning om databeskyttelse af 27. april 2016 (EU-Tidende L 119 af 04.05.2016) informerer vi om følgende:1) Den dataansvarlige for dine personoplysninger er F.U.H. &#8220;Plaża&#8221;2)&hellip;</p>
