{"id":1424,"date":"2022-04-03T13:09:32","date_gmt":"2022-04-03T13:09:32","guid":{"rendered":"https:\/\/wakacyjnyrewal.pl\/kontakt\/"},"modified":"2025-10-14T21:04:20","modified_gmt":"2025-10-14T21:04:20","slug":"kontakt","status":"publish","type":"page","link":"https:\/\/wakacyjnyrewal.pl\/de\/kontakt\/","title":{"rendered":"Kontakt"},"content":{"rendered":"\n<h1 class=\"wp-block-heading\">Kontaktinformationen<\/h1>\n\n<div style=\"height:50px\" aria-hidden=\"true\" class=\"wp-block-spacer\"><\/div>\n\n<p><strong>Ferienhaus \u201ePla\u017ca\u201c<\/strong><br\/>Saperska 12<br\/>72-344 Rewal <\/p>\n\n<p><strong>Rezeption<\/strong><br\/>Tel. +48 91 38 62 922<br\/>Mobil   +48 693 907 957<br\/><br\/>E-Mail: <a href=\"mailto:biuro@plaza-rewal.pl\">biuro@plaza-rewal.pl<\/a><br\/>E-Mail: <a href=\"mailto:biuro@strandhotel.pl\">biuro@strandhotel.pl<\/a><\/p>\n\n<p><strong>Reservierungen<\/strong> (E-Mail, Telefon) nehmen wir nach Erhalt der Best\u00e4tigung der Zahlung einer nicht erstattungsf\u00e4higen Anzahlung in H\u00f6he von 30 % der Bestellung entgegen. Der Restbetrag f\u00fcr den Aufenthalt ist bei Ankunft in bar oder vor Anreise per \u00dcberweisung zu zahlen. <\/p>\n\n<div style=\"height:40px\" aria-hidden=\"true\" class=\"wp-block-spacer\"><\/div>\n\n<div class=\"wp-block-columns is-layout-flex wp-container-3\">\n<div class=\"wp-block-column is-layout-flow\">\n<h3 class=\"wp-block-heading\">\u00dcberweisungen aus Polen:<\/h3>\n\n\n\n<p>Ferienhaus \u201ePla\u017ca\u201c, Saperska 12, 72-344 Rewal<br\/>Genossenschaftsbank Gryfice Zweigstelle Rewal <br\/><strong>Nr. 84 9376 0001 2002 0012 2278 0001<\/strong><\/p>\n<\/div>\n\n\n\n<div class=\"wp-block-column is-layout-flow\">\n<h3 class=\"wp-block-heading\">\u00dcberweisungen aus dem Ausland:<\/h3>\n\n\n\n<p>Ferienhaus \u201ePla\u017ca\u201c, Saperska 12, 72-344 Rewal<br\/>Genossenschaftsbank Gryfice Zweigstelle Rewal <br\/><strong>Nr. PL-57 9376 0001 2002 0012 2278 0002<\/strong><br\/><strong>SWIFT: GBW CPLPP<\/strong><\/p>\n<\/div>\n<\/div>\n\n<p><strong>Verwendungszweck:<\/strong> Apartmentreservierung, Zeitraum, Nachname.<\/p>\n\n<div style=\"height:50px\" aria-hidden=\"true\" class=\"wp-block-spacer\"><\/div>\n\n<h3 class=\"wp-block-heading\">Lage <\/h3>\n\n<div style=\"height:30px\" aria-hidden=\"true\" class=\"wp-block-spacer\"><\/div>\n\n<iframe src=\"https:\/\/www.google.com\/maps\/embed?pb=!1m18!1m12!1m3!1d1655.0299609108065!2d15.009902530226524!3d54.08144964975045!2m3!1f0!2f0!3f0!3m2!1i1024!2i768!4f13.1!3m3!1m2!1s0x4700762408b1bb6b%3A0x49741f20f25569ba!2sRycerska%204%2C%2072-344%20Rewal!5e0!3m2!1spl!2spl!4v1649442295365!5m2!1spl!2spl\" width=\"100%\" height=\"500\" style=\"border:0;\" allowfullscreen=\"\" loading=\"lazy\" referrerpolicy=\"no-referrer-when-downgrade\"><\/iframe>\n\n<div style=\"height:30px\" aria-hidden=\"true\" class=\"wp-block-spacer\"><\/div>\n\n<h3 class=\"wp-block-heading\">Empfohlene Anreise<\/h3>\n\n<div style=\"height:30px\" aria-hidden=\"true\" class=\"wp-block-spacer\"><\/div>\n\n<figure class=\"wp-block-image size-full is-style-default\"><a href=\"https:\/\/i0.wp.com\/wakacyjnyrewal.pl\/wp-content\/uploads\/2022\/04\/mapka.jpg\"><img decoding=\"async\" loading=\"lazy\" width=\"1150\" height=\"832\" src=\"https:\/\/i0.wp.com\/wakacyjnyrewal.pl\/wp-content\/uploads\/2022\/04\/mapka.jpg?resize=1150%2C832\" alt=\"\" class=\"wp-image-255\" srcset=\"https:\/\/i0.wp.com\/wakacyjnyrewal.pl\/wp-content\/uploads\/2022\/04\/mapka.jpg?w=1150&amp;ssl=1 1150w, https:\/\/i0.wp.com\/wakacyjnyrewal.pl\/wp-content\/uploads\/2022\/04\/mapka.jpg?resize=300%2C217&amp;ssl=1 300w, https:\/\/i0.wp.com\/wakacyjnyrewal.pl\/wp-content\/uploads\/2022\/04\/mapka.jpg?resize=1024%2C741&amp;ssl=1 1024w, https:\/\/i0.wp.com\/wakacyjnyrewal.pl\/wp-content\/uploads\/2022\/04\/mapka.jpg?resize=768%2C556&amp;ssl=1 768w\" sizes=\"(max-width: 1150px) 100vw, 1150px\" data-recalc-dims=\"1\" \/><\/a><\/figure>\n<div style=\"height:30px\" aria-hidden=\"true\" class=\"wp-block-spacer\"><\/div>\n\n<h3 class=\"wp-block-heading\">DATENSCHUTZHINWEIS<\/h3>\n\n<p>Gem\u00e4\u00df Art. 13 der Datenschutz-Grundverordnung vom 27. April 2016 (ABl. L 119 vom 04.05.2016) informieren wir Sie hiermit, dass:<br\/>1) Verantwortlicher f\u00fcr Ihre personenbezogenen Daten ist F.U.H. \u201ePla\u017ca\u201c<br\/>2) Kontakt zum Datenschutzbeauftragten \u2013 poczta@plaza-rewal.pl<br\/>3) Ihre personenbezogenen Daten werden zum Zwecke der Inanspruchnahme von Hoteldienstleistungen verarbeitet \u2013 auf Grundlage von Art. 6 Abs. 1 lit. b der Datenschutz-Grundverordnung vom 27. April 2016.<br\/>4) Empf\u00e4nger Ihrer personenbezogenen Daten sind ausschlie\u00dflich zur Erlangung personenbezogener Daten auf der Grundlage gesetzlicher Bestimmungen berechtigte Stellen sowie an der Erbringung von Dienstleistungen beteiligte Stellen.<br\/>5) Ihre personenbezogenen Daten werden f\u00fcr einen Zeitraum von 10 Jahren gespeichert.<br\/>6) Sie haben das Recht, vom Verantwortlichen Auskunft \u00fcber die personenbezogenen Daten, deren Berichtigung, L\u00f6schung oder Einschr\u00e4nkung der Verarbeitung sowie das Recht auf Daten\u00fcbertragbarkeit zu verlangen.<br\/>7) Sie haben das Recht, eine Beschwerde bei der Aufsichtsbeh\u00f6rde einzureichen.<br\/>8) Die Angabe personenbezogener Daten ist freiwillig, jedoch kann die Verweigerung der Datenangabe zur Ablehnung der Leistung\/des Vertrags f\u00fchren.    <\/p>\n","protected":false},"excerpt":{"rendered":"<p>Kontaktinformationen Ferienhaus \u201ePla\u017ca\u201cSaperska 1272-344 Rewal RezeptionTel. +48 91 38 62 922Mobil +48 693 907 957 E-Mail: biuro@plaza-rewal.plE-Mail: biuro@strandhotel.pl Reservierungen (E-Mail, Telefon) nehmen wir nach Erhalt der Best\u00e4tigung der Zahlung einer nicht erstattungsf\u00e4higen Anzahlung in H\u00f6he von 30 % der Bestellung entgegen. Der Restbetrag f\u00fcr den Aufenthalt ist bei Ankunft in bar oder vor Anreise per&hellip;<\/p>\n","protected":false},"author":1,"featured_media":0,"parent":0,"menu_order":0,"comment_status":"closed","ping_status":"closed","template":"","meta":[],"_links":{"self":[{"href":"https:\/\/wakacyjnyrewal.pl\/de\/wp-json\/wp\/v2\/pages\/1424"}],"collection":[{"href":"https:\/\/wakacyjnyrewal.pl\/de\/wp-json\/wp\/v2\/pages"}],"about":[{"href":"https:\/\/wakacyjnyrewal.pl\/de\/wp-json\/wp\/v2\/types\/page"}],"author":[{"embeddable":true,"href":"https:\/\/wakacyjnyrewal.pl\/de\/wp-json\/wp\/v2\/users\/1"}],"replies":[{"embeddable":true,"href":"https:\/\/wakacyjnyrewal.pl\/de\/wp-json\/wp\/v2\/comments?post=1424"}],"version-history":[{"count":1,"href":"https:\/\/wakacyjnyrewal.pl\/de\/wp-json\/wp\/v2\/pages\/1424\/revisions"}],"predecessor-version":[{"id":1425,"href":"https:\/\/wakacyjnyrewal.pl\/de\/wp-json\/wp\/v2\/pages\/1424\/revisions\/1425"}],"wp:attachment":[{"href":"https:\/\/wakacyjnyrewal.pl\/de\/wp-json\/wp\/v2\/media?parent=1424"}],"curies":[{"name":"wp","href":"https:\/\/api.w.org\/{rel}","templated":true}]}}

<h1 class="wp-block-heading">Kontaktinformationen</h1>

<div style="height:50px" aria-hidden="true" class="wp-block-spacer"></div>

<p><strong>Ferienhaus „Plaża“</strong><br/>Saperska 12<br/>72-344 Rewal </p>

<p><strong>Rezeption</strong><br/>Tel. +48 91 38 62 922<br/>Mobil   +48 693 907 957<br/><br/>E-Mail: <a href="mailto:biuro@plaza-rewal.pl">biuro@plaza-rewal.pl</a><br/>E-Mail: <a href="mailto:biuro@strandhotel.pl">biuro@strandhotel.pl</a></p>

<p><strong>Reservierungen</strong> (E-Mail, Telefon) nehmen wir nach Erhalt der Bestätigung der Zahlung einer nicht erstattungsfähigen Anzahlung in Höhe von 30 % der Bestellung entgegen. Der Restbetrag für den Aufenthalt ist bei Ankunft in bar oder vor Anreise per Überweisung zu zahlen. </p>

<div style="height:40px" aria-hidden="true" class="wp-block-spacer"></div>

<div class="wp-block-columns is-layout-flex wp-container-3">
<div class="wp-block-column is-layout-flow">
<h3 class="wp-block-heading">Überweisungen aus Polen:</h3>



<p>Ferienhaus „Plaża“, Saperska 12, 72-344 Rewal<br/>Genossenschaftsbank Gryfice Zweigstelle Rewal <br/><strong>Nr. 84 9376 0001 2002 0012 2278 0001</strong></p>
</div>



<div class="wp-block-column is-layout-flow">
<h3 class="wp-block-heading">Überweisungen aus dem Ausland:</h3>



<p>Ferienhaus „Plaża“, Saperska 12, 72-344 Rewal<br/>Genossenschaftsbank Gryfice Zweigstelle Rewal <br/><strong>Nr. PL-57 9376 0001 2002 0012 2278 0002</strong><br/><strong>SWIFT: GBW CPLPP</strong></p>
</div>
</div>

<p><strong>Verwendungszweck:</strong> Apartmentreservierung, Zeitraum, Nachname.</p>

<div style="height:50px" aria-hidden="true" class="wp-block-spacer"></div>

<h3 class="wp-block-heading">Lage </h3>

<div style="height:30px" aria-hidden="true" class="wp-block-spacer"></div>

<iframe src="https://www.google.com/maps/embed?pb=!1m18!1m12!1m3!1d1655.0299609108065!2d15.009902530226524!3d54.08144964975045!2m3!1f0!2f0!3f0!3m2!1i1024!2i768!4f13.1!3m3!1m2!1s0x4700762408b1bb6b%3A0x49741f20f25569ba!2sRycerska%204%2C%2072-344%20Rewal!5e0!3m2!1spl!2spl!4v1649442295365!5m2!1spl!2spl" width="100%" height="500" style="border:0;" allowfullscreen="" loading="lazy" referrerpolicy="no-referrer-when-downgrade"></iframe>

<div style="height:30px" aria-hidden="true" class="wp-block-spacer"></div>

<h3 class="wp-block-heading">Empfohlene Anreise</h3>

<div style="height:30px" aria-hidden="true" class="wp-block-spacer"></div>

<figure class="wp-block-image size-full is-style-default"><a href="https://i0.wp.com/wakacyjnyrewal.pl/wp-content/uploads/2022/04/mapka.jpg"><img decoding="async" loading="lazy" width="1150" height="832" src="https://i0.wp.com/wakacyjnyrewal.pl/wp-content/uploads/2022/04/mapka.jpg?resize=1150%2C832" alt="" class="wp-image-255" srcset="https://i0.wp.com/wakacyjnyrewal.pl/wp-content/uploads/2022/04/mapka.jpg?w=1150&amp;ssl=1 1150w, https://i0.wp.com/wakacyjnyrewal.pl/wp-content/uploads/2022/04/mapka.jpg?resize=300%2C217&amp;ssl=1 300w, https://i0.wp.com/wakacyjnyrewal.pl/wp-content/uploads/2022/04/mapka.jpg?resize=1024%2C741&amp;ssl=1 1024w, https://i0.wp.com/wakacyjnyrewal.pl/wp-content/uploads/2022/04/mapka.jpg?resize=768%2C556&amp;ssl=1 768w" sizes="(max-width: 1150px) 100vw, 1150px" data-recalc-dims="1" /></a></figure>
<div style="height:30px" aria-hidden="true" class="wp-block-spacer"></div>

<h3 class="wp-block-heading">DATENSCHUTZHINWEIS</h3>

<p>Gemäß Art. 13 der Datenschutz-Grundverordnung vom 27. April 2016 (ABl. L 119 vom 04.05.2016) informieren wir Sie hiermit, dass:<br/>1) Verantwortlicher für Ihre personenbezogenen Daten ist F.U.H. „Plaża“<br/>2) Kontakt zum Datenschutzbeauftragten – poczta@plaza-rewal.pl<br/>3) Ihre personenbezogenen Daten werden zum Zwecke der Inanspruchnahme von Hoteldienstleistungen verarbeitet – auf Grundlage von Art. 6 Abs. 1 lit. b der Datenschutz-Grundverordnung vom 27. April 2016.<br/>4) Empfänger Ihrer personenbezogenen Daten sind ausschließlich zur Erlangung personenbezogener Daten auf der Grundlage gesetzlicher Bestimmungen berechtigte Stellen sowie an der Erbringung von Dienstleistungen beteiligte Stellen.<br/>5) Ihre personenbezogenen Daten werden für einen Zeitraum von 10 Jahren gespeichert.<br/>6) Sie haben das Recht, vom Verantwortlichen Auskunft über die personenbezogenen Daten, deren Berichtigung, Löschung oder Einschränkung der Verarbeitung sowie das Recht auf Datenübertragbarkeit zu verlangen.<br/>7) Sie haben das Recht, eine Beschwerde bei der Aufsichtsbehörde einzureichen.<br/>8) Die Angabe personenbezogener Daten ist freiwillig, jedoch kann die Verweigerung der Datenangabe zur Ablehnung der Leistung/des Vertrags führen.    </p>

<p>Kontaktinformationen Ferienhaus „Plaża“Saperska 1272-344 Rewal RezeptionTel. +48 91 38 62 922Mobil +48 693 907 957 E-Mail: biuro@plaza-rewal.plE-Mail: biuro@strandhotel.pl Reservierungen (E-Mail, Telefon) nehmen wir nach Erhalt der Bestätigung der Zahlung einer nicht erstattungsfähigen Anzahlung in Höhe von 30 % der Bestellung entgegen. Der Restbetrag für den Aufenthalt ist bei Ankunft in bar oder vor Anreise per&hellip;</p>
