{"id":1470,"date":"2022-04-03T14:04:22","date_gmt":"2022-04-03T14:04:22","guid":{"rendered":"https:\/\/wakacyjnyrewal.pl\/buchungen\/"},"modified":"2025-10-14T21:15:16","modified_gmt":"2025-10-14T21:15:16","slug":"buchungen","status":"publish","type":"page","link":"https:\/\/wakacyjnyrewal.pl\/de\/buchungen\/","title":{"rendered":"Buchungen"},"content":{"rendered":"\n<h1 class=\"wp-block-heading\">Buchungen<\/h1>\n\n<div style=\"height:50px\" aria-hidden=\"true\" class=\"wp-block-spacer\"><\/div>\n\n<p>Um die Verf\u00fcgbarkeit eines Apartments f\u00fcr deinen gew\u00fcnschten Zeitraum zu erfahren, nutze bitte das untenstehende Formular. <\/p>\n\n<div class=\"wp-block-contact-form-7-contact-form-selector\">\n<div class=\"wpcf7 no-js\" id=\"wpcf7-f1713-o1\" lang=\"de-DE\" dir=\"ltr\">\n<div class=\"screen-reader-response\"><p role=\"status\" aria-live=\"polite\" aria-atomic=\"true\"><\/p> <ul><\/ul><\/div>\n<form action=\"\/de\/wp-json\/wp\/v2\/pages\/1470#wpcf7-f1713-o1\" method=\"post\" class=\"wpcf7-form init\" aria-label=\"Kontaktformular\" novalidate=\"novalidate\" data-status=\"init\">\n<div style=\"display: none;\">\n<input type=\"hidden\" name=\"_wpcf7\" value=\"1713\" \/>\n<input type=\"hidden\" name=\"_wpcf7_version\" value=\"5.7.7\" \/>\n<input type=\"hidden\" name=\"_wpcf7_locale\" value=\"de_DE\" \/>\n<input type=\"hidden\" name=\"_wpcf7_unit_tag\" value=\"wpcf7-f1713-o1\" \/>\n<input type=\"hidden\" name=\"_wpcf7_container_post\" value=\"0\" \/>\n<input type=\"hidden\" name=\"_wpcf7_posted_data_hash\" value=\"\" \/>\n<\/div>\n<p><b>Wahl des Apartments:<\/b><span class=\"wpcf7-form-control-wrap\" data-name=\"Apts\"><select class=\"wpcf7-form-control wpcf7-select wpcf7-validates-as-required\" aria-required=\"true\" aria-invalid=\"false\" name=\"Apts\"><option value=\"Toskanisch\">Toskanisch<\/option><option value=\"Ferien\">Ferien<\/option><option value=\"Provenzalisch\">Provenzalisch<\/option><option value=\"Rewal\">Rewal<\/option><option value=\"Marokkanisch\">Marokkanisch<\/option><option value=\"Indisch\">Indisch<\/option><option value=\"Mexikanisch\">Mexikanisch<\/option><\/select><\/span><br \/>\n<b>Ankunftsdatum:<\/b><span class=\"wpcf7-form-control-wrap\" data-name=\"przyj\"><input class=\"wpcf7-form-control wpcf7-date wpcf7-validates-as-date\" aria-invalid=\"false\" placeholder=\"Ankunftsdatum\" value=\"\" type=\"date\" name=\"przyj\" \/><\/span><br \/>\n<b>Abreisedatum:<\/b><span class=\"wpcf7-form-control-wrap\" data-name=\"wyj\"><input class=\"wpcf7-form-control wpcf7-date wpcf7-validates-as-date\" aria-invalid=\"false\" placeholder=\"Abreisedatum\" value=\"\" type=\"date\" name=\"wyj\" \/><\/span><br \/>\n<b>Name:<\/b><span class=\"wpcf7-form-control-wrap\" data-name=\"nazwisko\"><input size=\"40\" class=\"wpcf7-form-control wpcf7-text wpcf7-validates-as-required\" aria-required=\"true\" aria-invalid=\"false\" value=\"\" type=\"text\" name=\"nazwisko\" \/><\/span><br \/>\n<b>E-Mail:<\/b><span class=\"wpcf7-form-control-wrap\" data-name=\"your-email\"><input size=\"40\" class=\"wpcf7-form-control wpcf7-text wpcf7-email wpcf7-validates-as-email\" aria-invalid=\"false\" value=\"\" type=\"email\" name=\"your-email\" \/><\/span><br \/>\n<b>Telefon:<\/b><span class=\"wpcf7-form-control-wrap\" data-name=\"telefon\"><input size=\"40\" class=\"wpcf7-form-control wpcf7-text wpcf7-validates-as-required\" aria-required=\"true\" aria-invalid=\"false\" value=\"\" type=\"text\" name=\"telefon\" \/><\/span><br \/>\n<b>Zus\u00e4tzliche Anmerkungen:<\/b><span class=\"wpcf7-form-control-wrap\" data-name=\"textarea-444\"><textarea cols=\"40\" rows=\"10\" class=\"wpcf7-form-control wpcf7-textarea\" aria-invalid=\"false\" name=\"textarea-444\"><\/textarea><\/span>\n<\/p>\n<p>Das Absenden des Formulars bedeutet die Zustimmung des Bestellers zur Nutzung der angegebenen personenbezogenen Daten, ausschlie\u00dflich zur Abwicklung der oben genannten Bestellung. Ich stimme der Verarbeitung meiner personenbezogenen Daten durch F.U.-H. \u201ePla\u017ca\u201c gem\u00e4\u00df dem Gesetz vom 29.08.1997 \u00fcber den Schutz personenbezogener Daten (Gesetzblatt von 1997, Nr. 133, Pos. 883 mit sp\u00e4teren \u00c4nderungen) zu.\n<\/p>\n<p><input class=\"wpcf7-form-control has-spinner wpcf7-submit\" type=\"submit\" value=\"Anfrage senden\" \/>\n<\/p><div class=\"wpcf7-response-output\" aria-hidden=\"true\"><\/div>\n<\/form>\n<\/div>\n<\/div>\n\n<div style=\"height:70px\" aria-hidden=\"true\" class=\"wp-block-spacer\"><\/div>\n\n<h4 class=\"wp-block-heading\">DATENSCHUTZHINWEIS<\/h4>\n\n<p>Gem\u00e4\u00df Art. 13 der Datenschutz-Grundverordnung vom 27. April 2016 (ABl. L 119 vom 04.05.2016) informieren wir Sie hiermit, dass:<br\/>1) Verantwortlicher f\u00fcr Ihre personenbezogenen Daten ist F.U.H. \u201ePla\u017ca\u201c<br\/>2) Kontakt zum Datenschutzbeauftragten \u2013 poczta@plaza-rewal.pl<br\/>3) Ihre personenbezogenen Daten werden zum Zwecke der Inanspruchnahme von Hoteldienstleistungen verarbeitet \u2013 auf Grundlage von Art. 6 Abs. 1 lit. b der Datenschutz-Grundverordnung vom 27. April 2016.<br\/>4) Empf\u00e4nger Ihrer personenbezogenen Daten sind ausschlie\u00dflich zur Erlangung personenbezogener Daten auf der Grundlage gesetzlicher Bestimmungen berechtigte Stellen sowie an der Erbringung von Dienstleistungen beteiligte Stellen.<br\/>5) Ihre personenbezogenen Daten werden f\u00fcr einen Zeitraum von 10 Jahren gespeichert.<br\/>6) Sie haben das Recht, vom Verantwortlichen Auskunft \u00fcber die personenbezogenen Daten, deren Berichtigung, L\u00f6schung oder Einschr\u00e4nkung der Verarbeitung sowie das Recht auf Daten\u00fcbertragbarkeit zu verlangen.<br\/>7) Sie haben das Recht, eine Beschwerde bei der Aufsichtsbeh\u00f6rde einzureichen.<br\/>8) Die Angabe personenbezogener Daten ist freiwillig, jedoch kann die Verweigerung der Datenangabe zur Ablehnung der Leistung\/des Vertrags f\u00fchren.    <\/p>\n","protected":false},"excerpt":{"rendered":"<p>Buchungen Um die Verf\u00fcgbarkeit eines Apartments f\u00fcr deinen gew\u00fcnschten Zeitraum zu erfahren, nutze bitte das untenstehende Formular. DATENSCHUTZHINWEIS Gem\u00e4\u00df Art. 13 der Datenschutz-Grundverordnung vom 27. April 2016 (ABl. L 119 vom 04.05.2016) informieren wir Sie hiermit, dass:1) Verantwortlicher f\u00fcr Ihre personenbezogenen Daten ist F.U.H. \u201ePla\u017ca\u201c2) Kontakt zum Datenschutzbeauftragten \u2013 poczta@plaza-rewal.pl3) Ihre personenbezogenen Daten werden zum&hellip;<\/p>\n","protected":false},"author":1,"featured_media":0,"parent":0,"menu_order":0,"comment_status":"closed","ping_status":"closed","template":"","meta":[],"_links":{"self":[{"href":"https:\/\/wakacyjnyrewal.pl\/de\/wp-json\/wp\/v2\/pages\/1470"}],"collection":[{"href":"https:\/\/wakacyjnyrewal.pl\/de\/wp-json\/wp\/v2\/pages"}],"about":[{"href":"https:\/\/wakacyjnyrewal.pl\/de\/wp-json\/wp\/v2\/types\/page"}],"author":[{"embeddable":true,"href":"https:\/\/wakacyjnyrewal.pl\/de\/wp-json\/wp\/v2\/users\/1"}],"replies":[{"embeddable":true,"href":"https:\/\/wakacyjnyrewal.pl\/de\/wp-json\/wp\/v2\/comments?post=1470"}],"version-history":[{"count":1,"href":"https:\/\/wakacyjnyrewal.pl\/de\/wp-json\/wp\/v2\/pages\/1470\/revisions"}],"predecessor-version":[{"id":1471,"href":"https:\/\/wakacyjnyrewal.pl\/de\/wp-json\/wp\/v2\/pages\/1470\/revisions\/1471"}],"wp:attachment":[{"href":"https:\/\/wakacyjnyrewal.pl\/de\/wp-json\/wp\/v2\/media?parent=1470"}],"curies":[{"name":"wp","href":"https:\/\/api.w.org\/{rel}","templated":true}]}}

<h1 class="wp-block-heading">Buchungen</h1>

<div style="height:50px" aria-hidden="true" class="wp-block-spacer"></div>

<p>Um die Verfügbarkeit eines Apartments für deinen gewünschten Zeitraum zu erfahren, nutze bitte das untenstehende Formular. </p>

<div class="wp-block-contact-form-7-contact-form-selector">
<div class="wpcf7 no-js" id="wpcf7-f1713-o1" lang="de-DE" dir="ltr">
<div class="screen-reader-response"><p role="status" aria-live="polite" aria-atomic="true"></p> <ul></ul></div>
<form action="/de/wp-json/wp/v2/pages/1470#wpcf7-f1713-o1" method="post" class="wpcf7-form init" aria-label="Kontaktformular" novalidate="novalidate" data-status="init">
<div style="display: none;">
<input type="hidden" name="_wpcf7" value="1713" />
<input type="hidden" name="_wpcf7_version" value="5.7.7" />
<input type="hidden" name="_wpcf7_locale" value="de_DE" />
<input type="hidden" name="_wpcf7_unit_tag" value="wpcf7-f1713-o1" />
<input type="hidden" name="_wpcf7_container_post" value="0" />
<input type="hidden" name="_wpcf7_posted_data_hash" value="" />
</div>
<p><b>Wahl des Apartments:</b><span class="wpcf7-form-control-wrap" data-name="Apts"><select class="wpcf7-form-control wpcf7-select wpcf7-validates-as-required" aria-required="true" aria-invalid="false" name="Apts"><option value="Toskanisch">Toskanisch</option><option value="Ferien">Ferien</option><option value="Provenzalisch">Provenzalisch</option><option value="Rewal">Rewal</option><option value="Marokkanisch">Marokkanisch</option><option value="Indisch">Indisch</option><option value="Mexikanisch">Mexikanisch</option></select></span><br />
<b>Ankunftsdatum:</b><span class="wpcf7-form-control-wrap" data-name="przyj"><input class="wpcf7-form-control wpcf7-date wpcf7-validates-as-date" aria-invalid="false" placeholder="Ankunftsdatum" value="" type="date" name="przyj" /></span><br />
<b>Abreisedatum:</b><span class="wpcf7-form-control-wrap" data-name="wyj"><input class="wpcf7-form-control wpcf7-date wpcf7-validates-as-date" aria-invalid="false" placeholder="Abreisedatum" value="" type="date" name="wyj" /></span><br />
<b>Name:</b><span class="wpcf7-form-control-wrap" data-name="nazwisko"><input size="40" class="wpcf7-form-control wpcf7-text wpcf7-validates-as-required" aria-required="true" aria-invalid="false" value="" type="text" name="nazwisko" /></span><br />
<b>E-Mail:</b><span class="wpcf7-form-control-wrap" data-name="your-email"><input size="40" class="wpcf7-form-control wpcf7-text wpcf7-email wpcf7-validates-as-email" aria-invalid="false" value="" type="email" name="your-email" /></span><br />
<b>Telefon:</b><span class="wpcf7-form-control-wrap" data-name="telefon"><input size="40" class="wpcf7-form-control wpcf7-text wpcf7-validates-as-required" aria-required="true" aria-invalid="false" value="" type="text" name="telefon" /></span><br />
<b>Zusätzliche Anmerkungen:</b><span class="wpcf7-form-control-wrap" data-name="textarea-444"><textarea cols="40" rows="10" class="wpcf7-form-control wpcf7-textarea" aria-invalid="false" name="textarea-444"></textarea></span>
</p>
<p>Das Absenden des Formulars bedeutet die Zustimmung des Bestellers zur Nutzung der angegebenen personenbezogenen Daten, ausschließlich zur Abwicklung der oben genannten Bestellung. Ich stimme der Verarbeitung meiner personenbezogenen Daten durch F.U.-H. „Plaża“ gemäß dem Gesetz vom 29.08.1997 über den Schutz personenbezogener Daten (Gesetzblatt von 1997, Nr. 133, Pos. 883 mit späteren Änderungen) zu.
</p>
<p><input class="wpcf7-form-control has-spinner wpcf7-submit" type="submit" value="Anfrage senden" />
</p><div class="wpcf7-response-output" aria-hidden="true"></div>
</form>
</div>
</div>

<div style="height:70px" aria-hidden="true" class="wp-block-spacer"></div>

<h4 class="wp-block-heading">DATENSCHUTZHINWEIS</h4>

<p>Gemäß Art. 13 der Datenschutz-Grundverordnung vom 27. April 2016 (ABl. L 119 vom 04.05.2016) informieren wir Sie hiermit, dass:<br/>1) Verantwortlicher für Ihre personenbezogenen Daten ist F.U.H. „Plaża“<br/>2) Kontakt zum Datenschutzbeauftragten – poczta@plaza-rewal.pl<br/>3) Ihre personenbezogenen Daten werden zum Zwecke der Inanspruchnahme von Hoteldienstleistungen verarbeitet – auf Grundlage von Art. 6 Abs. 1 lit. b der Datenschutz-Grundverordnung vom 27. April 2016.<br/>4) Empfänger Ihrer personenbezogenen Daten sind ausschließlich zur Erlangung personenbezogener Daten auf der Grundlage gesetzlicher Bestimmungen berechtigte Stellen sowie an der Erbringung von Dienstleistungen beteiligte Stellen.<br/>5) Ihre personenbezogenen Daten werden für einen Zeitraum von 10 Jahren gespeichert.<br/>6) Sie haben das Recht, vom Verantwortlichen Auskunft über die personenbezogenen Daten, deren Berichtigung, Löschung oder Einschränkung der Verarbeitung sowie das Recht auf Datenübertragbarkeit zu verlangen.<br/>7) Sie haben das Recht, eine Beschwerde bei der Aufsichtsbehörde einzureichen.<br/>8) Die Angabe personenbezogener Daten ist freiwillig, jedoch kann die Verweigerung der Datenangabe zur Ablehnung der Leistung/des Vertrags führen.    </p>

<p>Buchungen Um die Verfügbarkeit eines Apartments für deinen gewünschten Zeitraum zu erfahren, nutze bitte das untenstehende Formular. DATENSCHUTZHINWEIS Gemäß Art. 13 der Datenschutz-Grundverordnung vom 27. April 2016 (ABl. L 119 vom 04.05.2016) informieren wir Sie hiermit, dass:1) Verantwortlicher für Ihre personenbezogenen Daten ist F.U.H. „Plaża“2) Kontakt zum Datenschutzbeauftragten – poczta@plaza-rewal.pl3) Ihre personenbezogenen Daten werden zum&hellip;</p>
